ppose -q*s + 2*p + 49 + 98 = 0, 8 = 2*p. Calculate the remainder when s is divided by 18.
13
Suppose 0 = 8*p + 14*p - 13904. Calculate the remainder when p is divided by 127.
124
Let u = 11 + 5. Suppose 0*p = 4*p + 2*a - 116, 3*p = a + 77. Suppose 3*g = p - 0. What is the remainder when u is divided by g?
7
Let q be (0 - (-2)/3)/(6/27). Suppose 21 = x - q. What is the remainder when 118 is divided by x?
22
Suppose -90 = -2*y - 3*y - 5*o, -2*y = o - 35. Suppose -1 = l + m, -4*m = 3*l - 5*m - y. Calculate the remainder when 4 is divided by l.
0
Let c(s) = 60*s + 8. What is the remainder when c(20) is divided by 93?
92
Suppose i - 3*q - 4 + 0 = 0, 0 = 3*i - 4*q - 17. Suppose i*j - 451 = -122. What is the remainder when j is divided by 4?
3
Let k = -52 - -396. Calculate the remainder when k is divided by 29.
25
Let u(q) = 2*q**3 + 65. Let j be u(0). Let i = -28 + j. What is the remainder when 146 is divided by i?
35
Calculate the remainder when 1105 is divided by (-279)/(-62)*(-40)/(-6).
25
Suppose -3*s + 27 = -3*i - 0*i, -8 = 3*s + 4*i. Let d(t) = t**2 + 3*t - 6. Let n be d(s). Let o = n + -14. Calculate the remainder when 15 is divided by o.
7
Let r = 23 - 25. What is the remainder when 36 is divided by r/(-5) - ((-465)/25 - -6)?
10
Let z = -46 + 138. Suppose -44*q - z = -46*q. Calculate the remainder when q is divided by 12.
10
Suppose -r + 6*u = 5*u - 59, 0 = 5*r + u - 307. Calculate the remainder when 605 is divided by r.
56
Let w(c) = 24*c - 132. What is the remainder when w(9) is divided by 34?
16
Let h(a) = -a**3 + 4*a**2 + a. Let c be h(5). Let g be (-8)/c + 24/15. Suppose -g*j + 11 = -9. What is the remainder when 67 is divided by j?
7
Let h = -102 - -104. Suppose s = 3*m - 20, h*s - s = 5*m - 36. What is the remainder when 21 is divided by m?
5
Let s be ((-16)/6)/(14/84). What is the remainder when (-312)/s + 3/2 is divided by 8?
5
Let i be 2/4 + (-15)/2. Let y = -5 - i. Calculate the remainder when y is divided by ((-2)/(-5))/(6 - ((-290)/(-25) + -6)).
0
Suppose -t - 3*m - 10 = 0, 3*t - 5*t - 3*m = 11. What is the remainder when 24 - t - 68/(-17) is divided by (10 - 2)*2/2?
5
Let t(f) = f**3 - 22*f**2 - f + 15. Let m be t(22). Let u(z) = -z**3 - 7*z**2 - 2*z - 5. Calculate the remainder when 17 is divided by u(m).
8
Suppose 0 = 4*t - 4*o - 32, -8*o + 5*o = -4*t + 34. Calculate the remainder when 46 is divided by t.
6
Suppose -1 = 3*z - 4. Let l be (-3)/z*9/27. Let m = 12 + l. Calculate the remainder when 21 is divided by m.
10
Let c = 9 + -11. Let r = c - 2. What is the remainder when (7 - -39)/(r/(-6)) is divided by 18?
15
Calculate the remainder when 196 is divided by -5 + 5/(35/392).
43
Suppose -4*m = 2*o - 98 - 348, -5*o + 4*m = -1101. What is the remainder when o is divided by 16?
13
Suppose 0 = 7*v + 826 - 1015. What is the remainder when v is divided by 27?
0
Let y be (-68)/(-16) - (-4)/(-16). Suppose -16 = 4*i, y*i + i + 86 = 3*f. Calculate the remainder when 63 is divided by f.
19
Let x(c) = 7*c**2 + 9*c - 13. Let o be x(6). Suppose -10*g + 177 = -o. Calculate the remainder when g is divided by 12.
11
Let h = 22 + 15. Suppose 0*k + h = k. Calculate the remainder when k is divided by 10.
7
Suppose 0 = 3*h + h - 1156. Calculate the remainder when h is divided by 145.
144
Let n(p) = 13*p**3 + p**2 - 2*p + 9. Let b = -17 + 40. Calculate the remainder when n(2) is divided by b.
21
Let s(w) be the second derivative of 1/2*w**3 + 3*w + 2/3*w**4 + 0 - 1/20*w**5 + 5/2*w**2. Calculate the remainder when s(4) is divided by 42.
39
Suppose 2*i + 3*g - 59 = 13, -50 = -i + 2*g. What is the remainder when i is divided by 42?
0
Suppose 0 = 4*f - 133 - 71. Let q(y) = 2*y**2 - 39*y - 45. What is the remainder when f is divided by q(21)?
15
Calculate the remainder when 398*((-176)/(-32) + 1*-5) is divided by 27.
10
Suppose 6*f + 423 - 2949 = 0. Calculate the remainder when f is divided by 47.
45
Let z(l) = -11*l - 21. Let p be (48/60)/(2/(-25)). Calculate the remainder when z(p) is divided by 13.
11
Suppose -3*v = -4*x + 83, -4*v + 25 = 4*x - 79. Suppose -x = -4*i - 7. What is the remainder when 7 is divided by i?
3
Let m(x) = -8*x**3 - x + 1. Let u be (-2)/((1 + -4)/(-3)). Calculate the remainder when m(u) is divided by 2 + (4 - -1 - -3).
7
What is the remainder when (-12)/(12 + -6)*-11 + -1 is divided by -1*(-1 - 0) + 12?
8
Let b(z) = -10*z - 7. Let r = 71 + -78. Let u(f) = f**3 + 7*f**2 - 2*f + 2. What is the remainder when b(r) is divided by u(-7)?
15
Suppose 20*l - 36653 = 49187. What is the remainder when l is divided by 159?
158
Suppose -6*r = -r - 20. Suppose h = -3, -3*z + r*h = 2*z - 177. Calculate the remainder when z is divided by 17.
16
Suppose -3*i + 53 - 23 = 3*m, 4*m - 4*i - 56 = 0. Suppose -1 = l + 1, 64 = 2*q - 3*l. What is the remainder when q is divided by m?
5
Suppose -8*q + 7*q + 2 = 0, -4*k = -4*q - 604. What is the remainder when k is divided by 13?
10
Suppose 0 = -5*f - 9*f + 2156. What is the remainder when f is divided by 20?
14
Suppose 5*a - 36 = 54. Suppose -112 = -52*p + 48*p. What is the remainder when p is divided by a?
10
Suppose 2*m + 5*m - 126 = 0. Calculate the remainder when 304 is divided by m.
16
Let r be (-13)/(2 - (-123)/(-60)). Suppose -3*j + r = 53. Calculate the remainder when j is divided by 12.
9
What is the remainder when (1602 + 1)*1/(28/8) is divided by 51?
50
Let b = -388 - -497. What is the remainder when b is divided by 28?
25
Let y = -944 - -1006. Calculate the remainder when y is divided by 22.
18
Let n = 9 - 1. Let k be 22/n*(-2 - -6). Let u(s) = -s + 12. Calculate the remainder when 2 is divided by u(k).
0
Let u be 4384/48 - (-2)/3. Suppose u*g = 98*g - 90. Calculate the remainder when 1 - (1 + -1 + -43) is divided by g.
14
Let g(y) = 6*y + y**2 + y**3 - y**2 - 4*y**2 + 3 - 2*y**2. Calculate the remainder when 30/(1 - (0 - 0)) is divided by g(5).
6
Let f = 34 + -42. Let v(h) = 11*h**2 + 3*h - 52. Let u(t) = -4*t**2 - t + 17. Let g(x) = f*u(x) - 3*v(x). What is the remainder when 38 is divided by g(0)?
18
Suppose -3*p + 3*i + 24 = 0, 0*p + 3*i = 5*p - 38. Let g = -13 + 32. Calculate the remainder when g is divided by p.
5
Calculate the remainder when ((-1)/2)/(-16 - 33210/(-2076)) is divided by 46.
35
Suppose -2*g - 3*c = 2*g - 1102, 4*c + 1088 = 4*g. Let i = g + -177. Calculate the remainder when i is divided by 25.
22
Suppose -13 - 7 = -4*u. Suppose 2*h + 5*p = 425, -u*h - 249 = 3*p - 1321. Suppose 2*c + 3*c - h = 0. Calculate the remainder when c is divided by 22.
21
Suppose -5*l - 21 = 2*s + 16, s - 5*l + 11 = 0. Let v = s - 8. Let q = v + 97. Calculate the remainder when q is divided by 19.
16
Suppose 0 = -51*s + 1446 + 1869. Calculate the remainder when 385 is divided by s.
60
Let m be -1 - 90/(-78) - 219/(-13). Suppose y - m = 2*r, -4*r + 27 = 2*y - 7. Calculate the remainder when 27 is divided by y.
10
Let y(r) = -r**3 - 5*r**2 - 2. Let d be y(-3). Suppose 3*a + 86 = 2*q + 17, -115 = 5*a - 5*q. Let l = d - a. What is the remainder when 7 is divided by l?
1
Let d = -319 - -387. Let r = -20 + -15. Let w = r + d. Calculate the remainder when w is divided by 7.
5
Suppose -7*m - 120 + 526 = 0. What is the remainder when 287 is divided by m?
55
Let v be (-28 - 1)/(-7 + 8). Let q = -17 - v. Suppose 4*b + 100 = 4*g, 4*b + 77 = 3*g - 0*g. What is the remainder when g is divided by q?
11
Let m(n) = n + 11. Let y be m(0). Suppose -7*d - 464 = -y*d. What is the remainder when d is divided by 20?
16
Let g be 9*(-1)/(-21) - (-78)/14. Let p(i) = i**2 + 2*i - 9. What is the remainder when p(g) is divided by 14?
11
Let z = -10 - -13. Suppose -3 + 0 = -p. Suppose -p*j = q + 4*q - 35, -j = 4*q - 28. What is the remainder when q is divided by z?
1
Suppose 26*j + 666 = 4124. What is the remainder when j is divided by 23?
18
Suppose 0 = -z - 21 + 27. Let n(o) = 6*o - 6*o**3 - 3*o**2 + 7*o**3 - o**2 - 4. What is the remainder when n(4) is divided by z?
2
Let l be (8/(-36) + 7/(-9))*6. Let s(a) = -a**3 - 6*a**2 - 8*a - 2. What is the remainder when s(l) is divided by 19?
8
Suppose 4*y - 2*u = 30, 18 = 3*y + y + 2*u. Let w = 40 - y. Calculate the remainder when w is divided by 18.
16
Let i(k) = 12*k + 10. Let d(w) = 6*w**2 - 1. Let a be d(1). Let m be i(a). Suppose -m = -5*v - 0. Calculate the remainder 